{"id":798,"date":"2016-03-16T10:29:10","date_gmt":"2016-03-16T09:29:10","guid":{"rendered":"http:\/\/www.scenotopic.fr\/?page_id=798"},"modified":"2024-01-29T18:28:32","modified_gmt":"2024-01-29T17:28:32","slug":"concevoir-sur-mesure","status":"publish","type":"page","link":"https:\/\/www.scenotopic.fr\/index.php\/concevoir-sur-mesure\/","title":{"rendered":"Concevoir sur mesure"},"content":{"rendered":"<p style=\"text-align: justify;\">La sc\u00e9nographie, pratique \u00e0 la crois\u00e9e des langages, de l&rsquo;artistique et de la technique, donne des clefs aux publics pour acc\u00e9der de mani\u00e8re vivante \u00e0 une pens\u00e9e, une \u0153uvre, un patrimoine, une histoire, un imaginaire&#8230; Outil de m\u00e9diation, elle ouvre des espaces narratifs \u00e0 parcourir avec le corps. Explorant les possibilit\u00e9s cr\u00e9atives des nouvelles technologies, SC\u00c9NOtopic s&rsquo;attache \u00e0 d\u00e9finir la place de ces outils, la coh\u00e9rence et la justesse de leur utilisation dans un projet, afin que la port\u00e9e et le sens des contenus en soient amplifi\u00e9s.<br \/>\nDans le domaine de la mus\u00e9ographie, du spectacle vivant, du patrimoine, de l&rsquo;\u00e9v\u00e8nementiel et de la m\u00e9diation culturelle\u2026 nous savons collaborer avec une \u00e9quipe pour apporter nos savoir-faire respectifs, ensemble ou individuellement. Vous avez des id\u00e9es, des projets ? Nous imaginons des concepts sur mesure, et nous savons nous adapter \u00e0 des \u00e9chelles de projet diff\u00e9rentes.<\/p>\n<h2>OUTILS\u00a0 et PRATIQUES<\/h2>\n<h3>EXPOSITIONS<\/h3>\n<p>SC\u00c9NOGRAPHIE<br \/>\n&#8211; En travaillant sur la mise en sc\u00e8ne de la relation \u00e0 une \u0153uvre ou \u00e0 un propos (historique, scientifique, \u2026.) la sc\u00e9nographie d&rsquo;exposition est une porte d&rsquo;entr\u00e9e pour acc\u00e9der \u00e0 une connaissance, provoquant le d\u00e9sir de rencontre avec un univers, jouant sur le rythme, la perspective, les cadrages, le choix des mat\u00e9riaux, le son, la lumi\u00e8re et la sp\u00e9cificit\u00e9 des supports de pr\u00e9sentation, la sc\u00e9nographie est en mesure d&rsquo;\u00e9changer avec le regard et le corps du visiteur pour cr\u00e9er les conditions de cette rencontre.<\/p>\n<p>SC\u00c9NARISATION DES PARCOURS DE VISITE<br \/>\n&#8211; En \u00e9laborant les parcours comme des sc\u00e9narios, pensant l&rsquo;espace-temps du lieu futur comme un voyage que fera le visiteur lorsqu&rsquo;il va d\u00e9ambuler d&rsquo;un espace \u00e0 l&rsquo;autre, d&rsquo;une image ou d&rsquo;un objet \u00e0 l&rsquo;autre, on met l&rsquo;accent sur un pr\u00e9alable essentiel pour une mise en espace et une m\u00e9diation coh\u00e9rente des contenus. Il s&rsquo;agit de raconter dans l&rsquo;espace.<\/p>\n<h3>M\u00c9DIATION DE LA LECTURE ET DU LIVRE<\/h3>\n<p>Nous imaginons des solutions et des mises en \u0153uvre originales pour r\u00e9pondre \u00e0 des commandes ou co-construire des projets \u00e0 partir du cahier des charges d\u2019acteurs de la m\u00e9diation du livre (structures culturelles, BDP, biblioth\u00e8ques, associations \u2026 ).<br \/>\nNous avons cr\u00e9\u00e9 des dispositifs de m\u00e9diations ludiques et sc\u00e9nographi\u00e9s qui proposent des exp\u00e9riences singuli\u00e8res de rencontre avec l&rsquo;\u00e9crit, aux fronti\u00e8res de la litt\u00e9rature et des arts visuels et sonores.<br \/>\nNous proposons de partager le fruit de ce travail exp\u00e9rimental et artistique\u00a0 pour imaginer ensemble de nouvelles formes de m\u00e9diation.<br \/>\nNous sommes \u00e0 l\u2019\u00e9coute et mettons nos savoir-faire \u00e0 disposition de toute initiative ayant pour vocation de susciter l\u2019envie de lire, de vivre et partager l&rsquo;\u00e9crit sous des formes r\u00e9-invent\u00e9es.<\/p>\n<h3>SPECTACLE VIVANT<\/h3>\n<p>Les nouvelles technologies permettent la mise en \u0153uvre de dispositifs qui questionnent et requalifient les modes op\u00e9ratoires de repr\u00e9sentation. Elles apportent des solutions cr\u00e9atives et accessibles \u00e0 tous types de structures en terme de budget et d&rsquo;\u00e9quipement. Nous vous proposons de :<br \/>\n&#8211; Concevoir des bandes son en r\u00e9fl\u00e9chissant aux modalit\u00e9s de sa diffusion, \u00e0 l&rsquo;espace dans sa globalit\u00e9, aux diff\u00e9rents \u00e9l\u00e9ments du spectacle en interaction (mise en sc\u00e8ne, sc\u00e9nographie, lumi\u00e8re, machinerie, \u2026).<br \/>\n&#8211; Concevoir et mettre en \u0153uvre la multidiffusion pour cr\u00e9er un espace sonore mouvant et immersif.<br \/>\n&#8211; Cr\u00e9er avec vous des sc\u00e9narios sonores mall\u00e9ables offrant la possibilit\u00e9 aux com\u00e9diens et\/ou au public d&rsquo;interagir avec le son.<br \/>\n&#8211; Concevoir et mettre en \u0153uvre des dispositifs interactifs par l&rsquo;utilisation de capteurs, de cartes d&rsquo;interface, de logiciels de gestion et traitement en temps r\u00e9el pour l&rsquo;audio, la vid\u00e9o et la lumi\u00e8re.<\/p>\n<h2>NOS\u00a0 SAVOIR-FAIRE \/ PRESTATIONS :<\/h2>\n<ul>\n<li style=\"text-align: justify;\">Concevoir des espaces de m\u00e9diation, d&rsquo;exploration, de rencontre et de partage.<\/li>\n<li style=\"text-align: justify;\">Restituer l&rsquo;\u0153uvre d&rsquo;un artiste, en cr\u00e9ant un environnement en coh\u00e9rence avec son univers.<\/li>\n<li style=\"text-align: justify;\">Concevoir un univers sonore.<\/li>\n<li style=\"text-align: justify;\">Cr\u00e9er les interfaces techniques de diffusion.<\/li>\n<li style=\"text-align: justify;\">Concevoir des installation sonores narratives par la spatialisation du son.<\/li>\n<li style=\"text-align: justify;\">Concevoir des dispositifs d&rsquo;\u00e9coute originaux, contextualis\u00e9s, interactifs.<\/li>\n<li style=\"text-align: justify;\">Traduire des imaginaires litt\u00e9raires in-situ sous forme d&rsquo;objets \u00e0 manipuler, d&rsquo;installations \u00e0 exp\u00e9rimenter de fa\u00e7on collective ou intime.<\/li>\n<li style=\"text-align: justify;\">Concevoir des espaces-lecture personnalis\u00e9s ; \u00e0 partir d&rsquo;une th\u00e9matique ou de l&rsquo;univers graphique d&rsquo;un illustrateur.<\/li>\n<\/ul>\n","protected":false},"excerpt":{"rendered":"<p>La sc\u00e9nographie, pratique \u00e0 la crois\u00e9e des langages, de l&rsquo;artistique et de la technique, donne des clefs aux publics pour acc\u00e9der de mani\u00e8re vivante \u00e0 une pens\u00e9e, une \u0153uvre, un patrimoine, une histoire, un imaginaire&#8230; Outil de m\u00e9diation, elle ouvre des espaces narratifs \u00e0 parcourir avec le corps. Explorant les possibilit\u00e9s cr\u00e9atives des nouvelles technologies, &hellip; <a href=\"https:\/\/www.scenotopic.fr\/index.php\/concevoir-sur-mesure\/\" class=\"more-link\">Lire la suite <span class=\"screen-reader-text\">Concevoir sur mesure<\/span><\/a><\/p>\n","protected":false},"author":2,"featured_media":0,"parent":0,"menu_order":0,"comment_status":"closed","ping_status":"closed","template":"page-templates\/full-width-page.php","meta":{"footnotes":""},"class_list":["post-798","page","type-page","status-publish","hentry","without-featured-image"],"_links":{"self":[{"href":"https:\/\/www.scenotopic.fr\/index.php\/wp-json\/wp\/v2\/pages\/798","targetHints":{"allow":["GET"]}}],"collection":[{"href":"https:\/\/www.scenotopic.fr\/index.php\/wp-json\/wp\/v2\/pages"}],"about":[{"href":"https:\/\/www.scenotopic.fr\/index.php\/wp-json\/wp\/v2\/types\/page"}],"author":[{"embeddable":true,"href":"https:\/\/www.scenotopic.fr\/index.php\/wp-json\/wp\/v2\/users\/2"}],"replies":[{"embeddable":true,"href":"https:\/\/www.scenotopic.fr\/index.php\/wp-json\/wp\/v2\/comments?post=798"}],"version-history":[{"count":22,"href":"https:\/\/www.scenotopic.fr\/index.php\/wp-json\/wp\/v2\/pages\/798\/revisions"}],"predecessor-version":[{"id":2477,"href":"https:\/\/www.scenotopic.fr\/index.php\/wp-json\/wp\/v2\/pages\/798\/revisions\/2477"}],"wp:attachment":[{"href":"https:\/\/www.scenotopic.fr\/index.php\/wp-json\/wp\/v2\/media?parent=798"}],"curies":[{"name":"wp","href":"https:\/\/api.w.org\/{rel}","templated":true}]}}