{"id":288,"date":"2016-02-24T17:40:35","date_gmt":"2016-02-24T16:40:35","guid":{"rendered":"http:\/\/www.scenotopic.fr\/?page_id=288"},"modified":"2016-03-16T09:44:09","modified_gmt":"2016-03-16T08:44:09","slug":"module-c-des-expressions-a-chacun-sa-sauce","status":"publish","type":"page","link":"https:\/\/www.scenotopic.fr\/index.php\/expositions-itinerantes\/gourmandises\/module-c-des-expressions-a-chacun-sa-sauce\/","title":{"rendered":"Module C &#8211; Des expressions \u00e0 chacun sa sauce"},"content":{"rendered":"<p style=\"text-align: justify;\">\n\tChacun des trois tableaux offre une surface m&eacute;tallique o&ugrave; les enfants peuvent jouer &agrave; reconstituer des expressions de la langue fran&ccedil;aise ou en inventer de nouvelles.<br \/>\n\tChaque illustration en couleur est une peinture originale repr&eacute;sentant un aliment.<br \/>\n\tL&#39;objet est manipulable et aimant&eacute;. L&#39;enfant doit l&#39;associer &agrave; la phrase incompl&egrave;te qui lui correspond pour lui donner tout son sens. <em>Avoir la patate, faire le poireau, s&#39;occuper de ses oignons <\/em>&#8230;. 21 expressions &agrave; reconstituer ou &agrave; r&eacute;-inventer ! Le tout est &eacute;quip&eacute; de cadres et b&eacute;quilles assurant la stabilit&eacute; de l&#39;ouvrage.\n<\/p>\n<div style=\"width:780px;\">\n\t<img loading=\"lazy\" decoding=\"async\" alt=\"peinture poireau l\u00e9gume expression fran\u00e7aise\" class=\"alignnone size-full wp-image-292\" height=\"250\" src=\"https:\/\/www.scenotopic.fr\/wp-content\/uploads\/2016\/02\/gourmandises-expressions-a-chacun-sa-sauce-poireau.jpg\" width=\"250\" srcset=\"https:\/\/www.scenotopic.fr\/wp-content\/uploads\/2016\/02\/gourmandises-expressions-a-chacun-sa-sauce-poireau.jpg 250w, https:\/\/www.scenotopic.fr\/wp-content\/uploads\/2016\/02\/gourmandises-expressions-a-chacun-sa-sauce-poireau-150x150.jpg 150w, https:\/\/www.scenotopic.fr\/wp-content\/uploads\/2016\/02\/gourmandises-expressions-a-chacun-sa-sauce-poireau-90x90.jpg 90w\" sizes=\"auto, (max-width: 250px) 100vw, 250px\" \/> <img decoding=\"async\" alt=\"tableau magn\u00e9tique expressions fran\u00e7aises fruits l\u00e9gumes\" src=\"https:\/\/www.scenotopic.fr\/wp-content\/uploads\/2016\/02\/gourmandises-expressions-a-chacun-sa-sauce.tableau.jpg\" style=\"margin-left: 5px; margin-right: 5px;\" \/> <img loading=\"lazy\" decoding=\"async\" alt=\"peinture pomme de terre expression france\" class=\"alignnone size-full wp-image-290\" height=\"250\" src=\"https:\/\/www.scenotopic.fr\/wp-content\/uploads\/2016\/02\/gourmandises-expressions-a-chacun-sa-sauce-patate.jpg\" width=\"249\" srcset=\"https:\/\/www.scenotopic.fr\/wp-content\/uploads\/2016\/02\/gourmandises-expressions-a-chacun-sa-sauce-patate.jpg 249w, https:\/\/www.scenotopic.fr\/wp-content\/uploads\/2016\/02\/gourmandises-expressions-a-chacun-sa-sauce-patate-150x150.jpg 150w, https:\/\/www.scenotopic.fr\/wp-content\/uploads\/2016\/02\/gourmandises-expressions-a-chacun-sa-sauce-patate-90x90.jpg 90w\" sizes=\"auto, (max-width: 249px) 100vw, 249px\" \/>\n<\/div>\n<div style=\"width:780px;margin-top:100px;\">\n<div class=\"menu-bas-gourmandises_1\" style=\"width:542px;margin:auto;\">\n\t\t<a href=\"https:\/\/www.scenotopic.fr\/index.php\/expositions-itinerantes\/gourmandises\/module-a-les-petits-plats-dans-les-grands\/\" rel=\"attachment wp-att-327\" style=\"\" target=\"\" title=\"Gourmandises - module A\"><img decoding=\"async\" alt=\"gourmandises petits plats installation\" src=\"https:\/\/www.scenotopic.fr\/wp-content\/uploads\/2016\/03\/gourmandises-menu-petits-plats_1.jpg\" style=\"width: 107px; height: 100px; margin-left: 0px; margin-right: 0px;\" title=\"Gourmandises - module A\" \/><\/a><a href=\"https:\/\/www.scenotopic.fr\/index.php\/expositions-itinerantes\/gourmandises\/module-b-petit-piano-de-cuisine-et-musee-imaginaire\/\" rel=\"attachment wp-att-327\" style=\"\" target=\"\" title=\"Gourmandises - module B\"><img decoding=\"async\" alt=\"gourmandises module B\" src=\"https:\/\/www.scenotopic.fr\/wp-content\/uploads\/2016\/03\/gourmandises-menu-piano-de-cuisine_1.jpg\" style=\"width: 108px; height: 100px; margin-left: 0px; margin-right: 0px;\" title=\"Gourmandises - module B\" \/><\/a><a href=\"https:\/\/www.scenotopic.fr\/index.php\/expositions-itinerantes\/gourmandises\/module-c-des-expressions-a-chacun-sa-sauce\/\" rel=\"attachment wp-att-327\" style=\"\" target=\"\" title=\"Gourmandises - module C\"><img decoding=\"async\" alt=\"gourmandises exposition module C\" src=\"https:\/\/www.scenotopic.fr\/wp-content\/uploads\/2016\/03\/gourmandises-menu-expressions_1.jpg\" style=\"width: 108px; height: 100px; margin-left: 0px; margin-right: 0px;\" title=\"Gourmandises - module C\" \/><\/a><a href=\"https:\/\/www.scenotopic.fr\/index.php\/expositions-itinerantes\/gourmandises\/module-d-nuee-de-bonbons-geants\/\" rel=\"attachment wp-att-327\" style=\"\" target=\"\" title=\"Gourmandises - module D\"><img decoding=\"async\" alt=\"gourmandises module D installation\" src=\"https:\/\/www.scenotopic.fr\/wp-content\/uploads\/2016\/03\/gourmandises-menu-bonbons-geants_1.jpg\" style=\"width: 108px; height: 100px; margin-left: 0px; margin-right: 0px;\" title=\"Gourmandises - module D\" \/><\/a><a href=\"https:\/\/www.scenotopic.fr\/index.php\/expositions-itinerantes\/gourmandises\/exposition-gourmandises-galerie\/\" rel=\"attachment wp-att-327\" style=\"\" target=\"\" title=\"Gourmandises - galerie\"><img decoding=\"async\" alt=\"gourmandises module D installation\" src=\"https:\/\/www.scenotopic.fr\/wp-content\/uploads\/2016\/03\/gourmandises-menu-galerie_1.jpg\" style=\"margin-left: 0px; margin-right: 0px; width: 108px; height: 100px;\" title=\"Gourmandises - galerie\" \/> <\/a>\n\t<\/div>\n<div class=\"menu-bas-gourmandises_2\" style=\"width:68px;margin:auto;margin-top:50px;\">\n\t\t<a href=\"https:\/\/www.scenotopic.fr\/index.php\/expositions-itinerantes\/gourmandises\/\" rel=\"attachment wp-att-327\" style=\"\" target=\"\" title=\"Gourmandises - pr\u00e9sentation\"><img decoding=\"async\" alt=\"pr\u00e9sentation du dispositif Gourmandises\" src=\"https:\/\/www.scenotopic.fr\/wp-content\/uploads\/2016\/03\/gourmandises-icone1.png\" style=\"width: 66px; height: 60px;\" \/><\/a>\n\t<\/div>\n<\/div>\n","protected":false},"excerpt":{"rendered":"<p>Chacun des trois tableaux offre une surface m&eacute;tallique o&ugrave; les enfants peuvent jouer &agrave; reconstituer des expressions de la langue fran&ccedil;aise ou en inventer de nouvelles. Chaque illustration en couleur est une peinture originale repr&eacute;sentant un aliment. L&#39;objet est manipulable et aimant&eacute;. L&#39;enfant doit l&#39;associer &agrave; la phrase incompl&egrave;te qui lui correspond pour lui donner &hellip; <a href=\"https:\/\/www.scenotopic.fr\/index.php\/expositions-itinerantes\/gourmandises\/module-c-des-expressions-a-chacun-sa-sauce\/\" class=\"more-link\">Lire la suite <span class=\"screen-reader-text\">Module C &#8211; Des expressions \u00e0 chacun sa sauce<\/span><\/a><\/p>\n","protected":false},"author":2,"featured_media":289,"parent":98,"menu_order":2,"comment_status":"closed","ping_status":"closed","template":"page-templates\/full-width-page.php","meta":{"footnotes":""},"class_list":["post-288","page","type-page","status-publish","has-post-thumbnail","hentry","with-featured-image"],"_links":{"self":[{"href":"https:\/\/www.scenotopic.fr\/index.php\/wp-json\/wp\/v2\/pages\/288","targetHints":{"allow":["GET"]}}],"collection":[{"href":"https:\/\/www.scenotopic.fr\/index.php\/wp-json\/wp\/v2\/pages"}],"about":[{"href":"https:\/\/www.scenotopic.fr\/index.php\/wp-json\/wp\/v2\/types\/page"}],"author":[{"embeddable":true,"href":"https:\/\/www.scenotopic.fr\/index.php\/wp-json\/wp\/v2\/users\/2"}],"replies":[{"embeddable":true,"href":"https:\/\/www.scenotopic.fr\/index.php\/wp-json\/wp\/v2\/comments?post=288"}],"version-history":[{"count":10,"href":"https:\/\/www.scenotopic.fr\/index.php\/wp-json\/wp\/v2\/pages\/288\/revisions"}],"predecessor-version":[{"id":792,"href":"https:\/\/www.scenotopic.fr\/index.php\/wp-json\/wp\/v2\/pages\/288\/revisions\/792"}],"up":[{"embeddable":true,"href":"https:\/\/www.scenotopic.fr\/index.php\/wp-json\/wp\/v2\/pages\/98"}],"wp:featuredmedia":[{"embeddable":true,"href":"https:\/\/www.scenotopic.fr\/index.php\/wp-json\/wp\/v2\/media\/289"}],"wp:attachment":[{"href":"https:\/\/www.scenotopic.fr\/index.php\/wp-json\/wp\/v2\/media?parent=288"}],"curies":[{"name":"wp","href":"https:\/\/api.w.org\/{rel}","templated":true}]}}