{"id":168,"date":"2016-02-22T12:36:11","date_gmt":"2016-02-22T11:36:11","guid":{"rendered":"http:\/\/www.scenotopic.fr\/?page_id=168"},"modified":"2024-01-29T18:04:43","modified_gmt":"2024-01-29T17:04:43","slug":"expositions-itinerantes","status":"publish","type":"page","link":"https:\/\/www.scenotopic.fr\/index.php\/expositions-itinerantes\/","title":{"rendered":"Dispositifs de m\u00e9diation \u00e0 la lecture et \u00e0 l&rsquo;\u00e9criture"},"content":{"rendered":"<ul>\n<li><a href=\"https:\/\/www.scenotopic.fr\/index.php\/expositions-itinerantes\/alphabula\/\">ALPHAbula\u00a9<img decoding=\"async\" style=\"width: 44px; height: 40px; margin-left: 20px; margin-right: 20px; vertical-align: middle;\" src=\"https:\/\/www.scenotopic.fr\/wp-content\/uploads\/2019\/01\/A-comme-ALPHAbula.png\" \/><\/a><\/li>\n<li><a href=\"https:\/\/www.scenotopic.fr\/index.php\/expositions-itinerantes\/trouillometre\/\">Trouillom\u00e8tre Z\u00e9ro<img decoding=\"async\" style=\"height: 60px; width: 40px; margin-right: 30px; margin-left: 30px; vertical-align: middle;\" src=\"https:\/\/www.scenotopic.fr\/wp-content\/uploads\/2016\/03\/trouillometre-icone2.png\" alt=\"pr\u00e9sentation de Trouillom\u00e8tre Z\u00e9ro\" \/><\/a><\/li>\n<li><a href=\"https:\/\/www.scenotopic.fr\/index.php\/gourmandises\/\">Gourmandises<img decoding=\"async\" style=\"width: 44px; height: 40px; margin-left: 20px; margin-right: 20px; vertical-align: middle;\" src=\"https:\/\/www.scenotopic.fr\/wp-content\/uploads\/2016\/03\/gourmandises-icone1.png\" alt=\"pr?sentation du dispositif Gourmandises\" \/><\/a><\/li>\n<\/ul>\n<p style=\"text-align: justify;\">Ludiques, interactifs et artistiques, les dispositifs <strong><em>ALPHAbula\u00a9*<\/em><\/strong>, <strong><em>Trouillom\u00e8tre Z\u00e9ro<\/em><\/strong> et<strong><em> Gourmandises<\/em><\/strong> s&rsquo;adressent aux Biblioth\u00e8ques, M\u00e9diath\u00e8ques, Salons du livre, Festivals, Centres culturels, \u00c9v\u00e8nementiels, Librairies&#8230; sous forme de location d&rsquo;expositions.<\/p>\n<p style=\"text-align: justify;\">Cr\u00e9\u00e9es et r\u00e9alis\u00e9es par SC\u00c9NOtopic, ce sont des installations itin\u00e9rantes qui offrent des espaces de m\u00e9diation originaux et sc\u00e9nographi\u00e9s.<\/p>\n<p style=\"text-align: justify;\">Objets artistiques et outils d&rsquo;animation, leur vocation s&rsquo;inscrit dans l&rsquo;acc\u00e8s \u00e0 la lecture et au livre.<\/p>\n<p style=\"text-align: justify;\">Destin\u00e9es \u00e0 un public familial, elles ont \u00e9t\u00e9 imagin\u00e9es pour susciter l&rsquo;envie de lire et \u00e9crire de mani\u00e8re in\u00e9dite. Voici ce que ces expositions vous proposent :<\/p>\n<ul>\n<li style=\"list-style-type: none;\">\n<ul>\n<li style=\"text-align: justify;\">La mise\u00a0 en sc\u00e8ne d&rsquo;un corpus litt\u00e9raire articul\u00e9 autour d&rsquo;une th\u00e9matique, \u00e0 travers une palette de m\u00e9dias visuels, graphiques et sonores.<\/li>\n<li style=\"text-align: justify;\">La d\u00e9couverte d&rsquo;un r\u00e9pertoire d&rsquo;auteurs contemporains (V\u00e9nus Khoury-Ghata, Jacqueline Held, Fran\u00e7ois David&#8230;) \u00e0 travers un \u00e9ventail de formes narratives et litt\u00e9raires.<\/li>\n<li style=\"text-align: justify;\">Une appropriation du langage et de la po\u00e9sie par le jeu, l&rsquo;\u00e9coute, la mise en mouvement du corps dans un univers immersif.<\/li>\n<li style=\"text-align: justify;\">La mise en valeur des fonds documentaires de la structure d&rsquo;accueil en lien avec les th\u00e9matiques d\u00e9ploy\u00e9es ; <span style=\"color: #333333;\">alphabet, \u00e9criture, cuisine, gourmandises, nuit, peur, monstres, chim\u00e8res&#8230;<\/span><\/li>\n<li style=\"text-align: justify;\">Un cadre original pour des\u00a0 formes de rencontres vivantes avec l&rsquo;\u00e9crit (lectures, intervention de conteurs, de com\u00e9diens, performances, etc)<\/li>\n<li style=\"text-align: justify;\">un espace de partage adapt\u00e9 \u00e0 une exploration collective et \u00e0 diff\u00e9rentes formes d&rsquo;animations ( surfaces permettant l&rsquo;accueil de groupes ; scolaires,centres de loisirs, ateliers d&rsquo;\u00e9critures &#8230;)<\/li>\n<li style=\"text-align: justify;\">Un univers privil\u00e9gi\u00e9 pour tout professionnel du livre ou de l&rsquo;\u00e9ducation qui pourra y inventer son propre parcours de m\u00e9diation, et y puiser de nombreuses pistes pour une exploitation p\u00e9dagogique.<\/li>\n<li style=\"text-align: justify;\"><strong><em>*Le dispositif participatif<\/em><\/strong> <strong><em>ALPHAbula\u00a9 <\/em><\/strong><strong>fait l\u2019objet d\u2019une OFFRE de FORMATION \u00e0 l&rsquo;outil ainsi que de temps de m\u00e9diation sur mesure et\/ou d&rsquo;ateliers sp\u00e9cifiques propos\u00e9s et anim\u00e9s par l\u2019auteure. Renseignements + Docs fiches ateliers sur demande.<\/strong>\n<h5>DOCUMENTS DE PR\u00c9SENTATIONS \/ FICHES TECHNIQUES \/ CONDITIONS TARIFAIRES :<\/h5>\n<\/li>\n<li style=\"text-align: justify;\">\n<p>t\u00e9l\u00e9charger le document pdf <a href=\"https:\/\/www.scenotopic.fr\/wp-content\/uploads\/2022\/04\/DOSSIER-alphabula_MARS-2022.pdf\" target=\"_blank\" rel=\"noopener\">ALPHAbula\u00a9<\/a><\/p>\n<\/li>\n<li style=\"text-align: justify;\">\n<p>t\u00e9l\u00e9charger le document pdf <a href=\"https:\/\/www.scenotopic.fr\/wp-content\/uploads\/2016\/03\/TROUILLOmetrePresentationXpages.pdf\" target=\"_blank\" rel=\"noopener\">TROUILLOM\u00c8TRE Z\u00c9RO<\/a><\/p>\n<\/li>\n<li style=\"text-align: justify;\">\n<p>t\u00e9l\u00e9charger le document pdf <a href=\"https:\/\/www.scenotopic.fr\/wp-content\/uploads\/2016\/03\/GOURmandisesPresentationXpages.pdf\" target=\"_blank\" rel=\"noopener\">GOURMANDISES<\/a><\/p>\n<\/li>\n<\/ul>\n<\/li>\n<\/ul>\n<ul>\n<li style=\"list-style-type: none;\">\u00a0<\/li>\n<\/ul>\n<ul>\n<li style=\"list-style-type: none;\">\u00a0<\/li>\n<\/ul>\n<ul>\n<li style=\"list-style-type: none;\">\u00a0<\/li>\n<\/ul>\n<ul>\n<li style=\"list-style-type: none;\">\u00a0<\/li>\n<li style=\"list-style-type: none;\">\u00a0<\/li>\n<li style=\"list-style-type: none;\">\u00a0<\/li>\n<li style=\"list-style-type: none;\">\u00a0<\/li>\n<\/ul>\n\n\n<p class=\"has-small-font-size\">Partenaire de diffusion de nos expositions : <a rel=\"noreferrer noopener\" href=\"https:\/\/ocim.fr\/category\/expositions-itinerantes-repertoires\/\" target=\"_blank\"><img loading=\"lazy\" decoding=\"async\" src=\"https:\/\/www.culture-commune.fr\/images\/liens_image\/culture-commune.jpg\" alt=\"Ressources et actualit\u00e9s culturelles\" width=\"135\" height=\"23\"><\/a><\/p>\n","protected":false},"excerpt":{"rendered":"<p>ALPHAbula\u00a9 Trouillom\u00e8tre Z\u00e9ro Gourmandises Ludiques, interactifs et artistiques, les dispositifs ALPHAbula\u00a9*, Trouillom\u00e8tre Z\u00e9ro et Gourmandises s&rsquo;adressent aux Biblioth\u00e8ques, M\u00e9diath\u00e8ques, Salons du livre, Festivals, Centres culturels, \u00c9v\u00e8nementiels, Librairies&#8230; sous forme de location d&rsquo;expositions. Cr\u00e9\u00e9es et r\u00e9alis\u00e9es par SC\u00c9NOtopic, ce sont des installations itin\u00e9rantes qui offrent des espaces de m\u00e9diation originaux et sc\u00e9nographi\u00e9s. Objets artistiques et outils &hellip; <a href=\"https:\/\/www.scenotopic.fr\/index.php\/expositions-itinerantes\/\" class=\"more-link\">Lire la suite <span class=\"screen-reader-text\">Dispositifs de m\u00e9diation \u00e0 la lecture et \u00e0 l&rsquo;\u00e9criture<\/span><\/a><\/p>\n","protected":false},"author":2,"featured_media":0,"parent":0,"menu_order":0,"comment_status":"closed","ping_status":"closed","template":"page-templates\/full-width-page.php","meta":{"footnotes":""},"class_list":["post-168","page","type-page","status-publish","hentry","without-featured-image"],"_links":{"self":[{"href":"https:\/\/www.scenotopic.fr\/index.php\/wp-json\/wp\/v2\/pages\/168","targetHints":{"allow":["GET"]}}],"collection":[{"href":"https:\/\/www.scenotopic.fr\/index.php\/wp-json\/wp\/v2\/pages"}],"about":[{"href":"https:\/\/www.scenotopic.fr\/index.php\/wp-json\/wp\/v2\/types\/page"}],"author":[{"embeddable":true,"href":"https:\/\/www.scenotopic.fr\/index.php\/wp-json\/wp\/v2\/users\/2"}],"replies":[{"embeddable":true,"href":"https:\/\/www.scenotopic.fr\/index.php\/wp-json\/wp\/v2\/comments?post=168"}],"version-history":[{"count":61,"href":"https:\/\/www.scenotopic.fr\/index.php\/wp-json\/wp\/v2\/pages\/168\/revisions"}],"predecessor-version":[{"id":2473,"href":"https:\/\/www.scenotopic.fr\/index.php\/wp-json\/wp\/v2\/pages\/168\/revisions\/2473"}],"wp:attachment":[{"href":"https:\/\/www.scenotopic.fr\/index.php\/wp-json\/wp\/v2\/media?parent=168"}],"curies":[{"name":"wp","href":"https:\/\/api.w.org\/{rel}","templated":true}]}}