{"id":1239,"date":"2019-01-16T11:23:08","date_gmt":"2019-01-16T10:23:08","guid":{"rendered":"http:\/\/www.scenotopic.fr\/?page_id=1239"},"modified":"2019-01-16T11:58:21","modified_gmt":"2019-01-16T10:58:21","slug":"3-pour-faire-grandir-les-mots-comme-des-arbres","status":"publish","type":"page","link":"https:\/\/www.scenotopic.fr\/index.php\/expositions-itinerantes\/alphabula\/3-pour-faire-grandir-les-mots-comme-des-arbres\/","title":{"rendered":"3 &#8211; POUR FAIRE GRANDIR LES MOTS COMME DES ARBRES"},"content":{"rendered":"\n<p>AVEC\nALPHABULA\u00a9, ON TRACE  ENSEMBLE DES LANGAGES-PAYSAGES<\/p>\n\n\n\n<p>Chacun est libre\nd&rsquo;\u00e9crire dans une direction spatiale ou une autre, d\u2019organiser ses\npropres combinaisons de lettres, qui peuvent \u00eatre purement\nesth\u00e9tiques et intuitives, inspir\u00e9es par les formes et les\ncouleurs, sans chercher l&rsquo;imm\u00e9diatet\u00e9 du sens.<\/p>\n\n\n\n<p>Gr\u00e2ce aux nombreuses possibilit\u00e9s d\u2019assemblage  des lettres entre elles, un m\u00eame mot empruntera un chemin propre \u00e0 chaque personne, et ne dessinera donc pas du tout la m\u00eame chose.<\/p>\n\n\n\n<figure class=\"wp-block-image\"><img loading=\"lazy\" decoding=\"async\" width=\"775\" height=\"775\" src=\"https:\/\/www.scenotopic.fr\/wp-content\/uploads\/2019\/01\/ALPHAbula-cerisier-rose.Page-3.png\" alt=\"le cerisier rose d'Alphabula\" class=\"wp-image-1240\" srcset=\"https:\/\/www.scenotopic.fr\/wp-content\/uploads\/2019\/01\/ALPHAbula-cerisier-rose.Page-3.png 775w, https:\/\/www.scenotopic.fr\/wp-content\/uploads\/2019\/01\/ALPHAbula-cerisier-rose.Page-3-150x150.png 150w, https:\/\/www.scenotopic.fr\/wp-content\/uploads\/2019\/01\/ALPHAbula-cerisier-rose.Page-3-300x300.png 300w, https:\/\/www.scenotopic.fr\/wp-content\/uploads\/2019\/01\/ALPHAbula-cerisier-rose.Page-3-90x90.png 90w, https:\/\/www.scenotopic.fr\/wp-content\/uploads\/2019\/01\/ALPHAbula-cerisier-rose.Page-3-380x380.png 380w\" sizes=\"auto, (max-width: 775px) 100vw, 775px\" \/><\/figure>\n\n\n\n<p>Avec son c\u00f4t\u00e9 jeu\nde construction g\u00e9ant, ALPHAbula\u00a9 invite sans en avoir l\u2019air \u00e0\ntoucher \u00e0 la mati\u00e8re physique et \u00e0 l&rsquo;architecture des mots et des\ntextes. \n<\/p>\n\n\n\n<p>C&rsquo;est un outil\nd\u2019exploration du processus constructif de l&rsquo;\u00e9crit. Comme un\nd\u00e9pliage ludique, et gr\u00e2ce \u00e0 la gestuelle n\u00e9cessaire pour\narticuler les lettres entre elles, le syst\u00e8me d&rsquo;ALPHAbula\u00a9 permet\nde composer les mots et phrases en prenant conscience du proc\u00e9d\u00e9\ncombinatoire de l\u2019\u00e9crit. \n<\/p>\n\n\n\n<p>Au plaisir simple et\njubilatoire d&rsquo;assembler et de cr\u00e9er des rythmes visuels, succ\u00e8de\ncelui de composer des arbres-paysages po\u00e9tiques de plus en plus\n\u00e9labor\u00e9s&#8230; Les chercheurs dans l&rsquo;\u00e2me pourront se saisir de cet\noutil ludique pour \u00e9crire des messages selon leurs propres principes\nconstructifs et jouer \u00e0 d\u00e9tourner les r\u00e8gles de d\u00e9part&#8230;.<\/p>\n\n\n\n<figure class=\"wp-block-image\"><img loading=\"lazy\" decoding=\"async\" width=\"775\" height=\"581\" src=\"https:\/\/www.scenotopic.fr\/wp-content\/uploads\/2019\/01\/ALPHAbula-tapis-choregraphie.Page-3.png\" alt=\"jeu sur le tapis d'Alphabula\" class=\"wp-image-1241\" srcset=\"https:\/\/www.scenotopic.fr\/wp-content\/uploads\/2019\/01\/ALPHAbula-tapis-choregraphie.Page-3.png 775w, https:\/\/www.scenotopic.fr\/wp-content\/uploads\/2019\/01\/ALPHAbula-tapis-choregraphie.Page-3-300x225.png 300w, https:\/\/www.scenotopic.fr\/wp-content\/uploads\/2019\/01\/ALPHAbula-tapis-choregraphie.Page-3-507x380.png 507w\" sizes=\"auto, (max-width: 775px) 100vw, 775px\" \/><\/figure>\n\n\n\n<p>Dans le dispositif\nspatial propos\u00e9, avec la page g\u00e9ante et les lettres de grande\ntaille, \u00e9crire en ALPHAbula\u00a9 implique aussi une mise en mouvement\ntotale du corps et des d\u00e9placements dans l&rsquo;espace. \u00c9crire peut\ndevenir alors un geste quasi chor\u00e9graphique.<\/p>\n\n\n\n<div style=\"width:780px;margin-top:100px;\">\n\t<div class=\"menu-bas-gourmandises_1\" style=\"width:542px;margin:auto;\">\n\t\t<a href=\"https:\/\/www.scenotopic.fr\/index.php\/expositions-itinerantes\/alphabula\/1-un-jeu-sur-une-page-decriture-geante\/\" style=\"\" target=\"\" title=\"alphabula - page 1\"><img decoding=\"async\" alt=\"alphabula - page 1\" src=\"https:\/\/www.scenotopic.fr\/wp-content\/uploads\/2019\/01\/alphabula_Icone-Numero-1.png\" style=\"width: 103px; height: 122px; margin-left: 0px; margin-right: 0px;\" title=\"alphabula - page 1\"><\/a>\n<a href=\"https:\/\/www.scenotopic.fr\/index.php\/expositions-itinerantes\/alphabula\/2-un-alphabet-imaginaire-un-autre-systeme-graphique\/\" style=\"\" target=\"\" title=\"alphabula - page 2\"><img decoding=\"async\" alt=\"alphabula - page 2\" src=\"https:\/\/www.scenotopic.fr\/wp-content\/uploads\/2019\/01\/alphabula_Icone-Numero-2.png\" style=\"width: 103px; height: 122px; margin-left: 0px; margin-right: 0px;\" title=\"alphabula - page 2\"><\/a>\n<a href=\"https:\/\/www.scenotopic.fr\/index.php\/expositions-itinerantes\/alphabula\/3-pour-faire-grandir-les-mots-comme-des-arbres\/\" style=\"\" target=\"\" title=\"alphabula - page 3\"><img decoding=\"async\" alt=\"alphabula - page 3\" src=\"https:\/\/www.scenotopic.fr\/wp-content\/uploads\/2019\/01\/alphabula_Icone-Numero-3.png\" style=\"width: 103px; height: 122px; margin-left: 0px; margin-right: 0px;\" title=\"alphabula - page 3\"><\/a>\n<a href=\"https:\/\/www.scenotopic.fr\/index.php\/expositions-itinerantes\/alphabula\/4-un-outil-de-mediation-ludique-autour-du-langage\/\" style=\"\" target=\"\" title=\"alphabula - page 4\"><img decoding=\"async\" alt=\"alphabula - page 4\" src=\"https:\/\/www.scenotopic.fr\/wp-content\/uploads\/2019\/01\/alphabula_Icone-Numero-4.png\" style=\"width: 103px; height: 122px; margin-left: 0px; margin-right: 0px;\" title=\"alphabula - page 4\"><\/a>\n<a href=\"https:\/\/www.scenotopic.fr\/index.php\/expositions-itinerantes\/alphabula\/5-alphabula-mode-demploi\/\" style=\"\" target=\"\" title=\"alphabula - page 5\"><img decoding=\"async\" alt=\"alphabula - page 5\" src=\"https:\/\/www.scenotopic.fr\/wp-content\/uploads\/2019\/01\/alphabula_Icone-Numero-5.png\" style=\"margin-left: 0px; margin-right: 0px; width: 103px; height: 122px;\" title=\"alphabula - page 5\"> <\/a>\n\t<\/div>\n<p>\t<\/p><div class=\"menu-bas-gourmandises_2\" style=\"width:68px;margin:auto;margin-top:50px;\">\n\t\t<a href=\"https:\/\/www.scenotopic.fr\/index.php\/expositions-itinerantes\/alphabula\/\" rel=\"attachment wp-att-327\" style=\"\" target=\"\" title=\"pr\u00e9sentation du dispositif Alphabula\"><img decoding=\"async\" alt=\"pr\u00e9sentation du dispositif Alphabula\" src=\"https:\/\/www.scenotopic.fr\/wp-content\/uploads\/2019\/01\/A-comme-ALPHAbula.png\" style=\"width: 66px; height: 60px;\"><\/a>\n\t<\/div>\n<\/div>\n","protected":false},"excerpt":{"rendered":"<p>AVEC ALPHABULA\u00a9, ON TRACE ENSEMBLE DES LANGAGES-PAYSAGES Chacun est libre d&rsquo;\u00e9crire dans une direction spatiale ou une autre, d\u2019organiser ses propres combinaisons de lettres, qui peuvent \u00eatre purement esth\u00e9tiques et intuitives, inspir\u00e9es par les formes et les couleurs, sans chercher l&rsquo;imm\u00e9diatet\u00e9 du sens. Gr\u00e2ce aux nombreuses possibilit\u00e9s d\u2019assemblage des lettres entre elles, un m\u00eame mot &hellip; <a href=\"https:\/\/www.scenotopic.fr\/index.php\/expositions-itinerantes\/alphabula\/3-pour-faire-grandir-les-mots-comme-des-arbres\/\" class=\"more-link\">Lire la suite <span class=\"screen-reader-text\">3 &#8211; POUR FAIRE GRANDIR LES MOTS COMME DES ARBRES<\/span><\/a><\/p>\n","protected":false},"author":4,"featured_media":1196,"parent":1157,"menu_order":0,"comment_status":"closed","ping_status":"closed","template":"page-templates\/full-width-page.php","meta":{"footnotes":""},"class_list":["post-1239","page","type-page","status-publish","has-post-thumbnail","hentry","with-featured-image"],"_links":{"self":[{"href":"https:\/\/www.scenotopic.fr\/index.php\/wp-json\/wp\/v2\/pages\/1239","targetHints":{"allow":["GET"]}}],"collection":[{"href":"https:\/\/www.scenotopic.fr\/index.php\/wp-json\/wp\/v2\/pages"}],"about":[{"href":"https:\/\/www.scenotopic.fr\/index.php\/wp-json\/wp\/v2\/types\/page"}],"author":[{"embeddable":true,"href":"https:\/\/www.scenotopic.fr\/index.php\/wp-json\/wp\/v2\/users\/4"}],"replies":[{"embeddable":true,"href":"https:\/\/www.scenotopic.fr\/index.php\/wp-json\/wp\/v2\/comments?post=1239"}],"version-history":[{"count":2,"href":"https:\/\/www.scenotopic.fr\/index.php\/wp-json\/wp\/v2\/pages\/1239\/revisions"}],"predecessor-version":[{"id":1308,"href":"https:\/\/www.scenotopic.fr\/index.php\/wp-json\/wp\/v2\/pages\/1239\/revisions\/1308"}],"up":[{"embeddable":true,"href":"https:\/\/www.scenotopic.fr\/index.php\/wp-json\/wp\/v2\/pages\/1157"}],"wp:featuredmedia":[{"embeddable":true,"href":"https:\/\/www.scenotopic.fr\/index.php\/wp-json\/wp\/v2\/media\/1196"}],"wp:attachment":[{"href":"https:\/\/www.scenotopic.fr\/index.php\/wp-json\/wp\/v2\/media?parent=1239"}],"curies":[{"name":"wp","href":"https:\/\/api.w.org\/{rel}","templated":true}]}}